{"id":220,"date":"2016-05-17T23:42:20","date_gmt":"2016-05-17T23:42:20","guid":{"rendered":"http:\/\/deecht.ch\/?page_id=220"},"modified":"2025-01-04T16:16:38","modified_gmt":"2025-01-04T16:16:38","slug":"wie-alles-begann","status":"publish","type":"page","link":"https:\/\/deecht.ch\/?page_id=220","title":{"rendered":"Herumgest\u00f6bert"},"content":{"rendered":"<p align=\"justify\"><span style=\"font-family: Arial, Helvetica, sans-serif;\"><img loading=\"lazy\" decoding=\"async\" class=\" wp-image-654 alignright\" src=\"http:\/\/deecht.ch\/wp-content\/uploads\/2016\/05\/buch_1-300x240.jpg\" alt=\"buch_1\" width=\"150\" height=\"120\" srcset=\"https:\/\/deecht.ch\/wp-content\/uploads\/2016\/05\/buch_1-300x240.jpg 300w, https:\/\/deecht.ch\/wp-content\/uploads\/2016\/05\/buch_1.jpg 302w\" sizes=\"auto, (max-width: 150px) 100vw, 150px\" \/><\/span><\/p>\n<p align=\"justify\"><img loading=\"lazy\" decoding=\"async\" class=\"alignnone size-full wp-image-87\" src=\"https:\/\/deecht.ch\/wp-content\/uploads\/2016\/05\/pdf.gif\" alt=\"\" width=\"20\" height=\"17\" \/> <a href=\"https:\/\/deecht.ch\/wp-content\/uploads\/2024\/06\/Deecht-Sujet-History.pdf\" target=\"_blank\" rel=\"noopener\">Deecht Sujet History<\/a><\/p>\n<p align=\"justify\"><img loading=\"lazy\" decoding=\"async\" class=\"alignnone size-full wp-image-87\" src=\"https:\/\/deecht.ch\/wp-content\/uploads\/2016\/05\/pdf.gif\" alt=\"\" width=\"20\" height=\"17\" \/> <a href=\"https:\/\/deecht.ch\/wp-content\/uploads\/2016\/05\/Deecht-90-Joor-Mutz.pdf\" target=\"_blank\" rel=\"noopener noreferrer\">Deecht 90 Joor Mutz<\/a><\/p>\n<p align=\"justify\">\n<p align=\"justify\">Aus dem Archiv:<\/p>\n<p align=\"justify\"><span style=\"font-family: Arial, Helvetica, sans-serif;\">Am <strong>13. Februar 1967<\/strong>, \u00fcbrigens einem Fasnachtsmontag, wurden die <strong>Versoffene Deecht<\/strong> gegr\u00fcndet. Dem etwas ungew\u00f6hnlichen Namen liegt eine drei Jahre zur\u00fcckliegende Begebenheit zu Grunde: Einige Kollegen unseres Ehrendoochts Niels Andersen versammelten sich damals, in einem alten Schuppen in Allschwil, zum gemeinsamen Pfeifen. Da es dort kein Licht gab, wurde kurzerhand ein grosse Kerze in die Mitte des Tisches gestellt und die Notenbl\u00e4tter drum herum drappiert. Nach jeweils zwei Versen ertrank der Docht im fl\u00fcssigen Wachs, so dass er wieder aufgerichtet und neu angez\u00fcndet werden musste. F\u00fcr zwei weitere Verse hatte man wieder Licht nur leider wiederholte sich das Ganze immer wieder. Dieser Tatsache und nicht etwa den Trinkgewohnheiten der Mitglieder verdankt man den Namen. Was das kleine Gr\u00fcppchen mit dieser Gr\u00fcndung ausl\u00f6ste, wusste damals noch niemand.<\/span><\/p>\n<p align=\"justify\"><span style=\"font-family: Arial, Helvetica, sans-serif;\"><img loading=\"lazy\" decoding=\"async\" class=\"wp-image-155 alignleft\" src=\"http:\/\/deecht.ch\/wp-content\/uploads\/2016\/05\/deecht_logo-300x240.jpg\" alt=\"deecht_logo\" width=\"164\" height=\"131\" srcset=\"https:\/\/deecht.ch\/wp-content\/uploads\/2016\/05\/deecht_logo-300x240.jpg 300w, https:\/\/deecht.ch\/wp-content\/uploads\/2016\/05\/deecht_logo-768x613.jpg 768w, https:\/\/deecht.ch\/wp-content\/uploads\/2016\/05\/deecht_logo-1024x818.jpg 1024w\" sizes=\"auto, (max-width: 164px) 100vw, 164px\" \/>So zierte das <strong>DVD-Logo<\/strong> das erste Mal eine kleine Laterne, welche stolz dem kleinen Z\u00fcgli voran schritt. Das aber nur an den drei Fasnachtsabenden, denn die Nachmittage verbrachten die Deecht noch als Zuschauer am Strassenrand.<\/span><\/p>\n<p align=\"justify\"><span style=\"font-family: Arial, Helvetica, sans-serif;\">Ein Jahr sp\u00e4ter bestand das Gr\u00fcppchen schon aus einem Vortr\u00e4bler, f\u00fcnf Pfeifern und zwei Tambouren. Nach dieser Fasnacht wurde es darum Zeit, sich beim Comit\u00e9 anzumelden und an der Fasnacht 1969 als Pfeifer- und Tambourengruppe am Cort\u00e8ge teilzunehmen. Zwei weitere Neuerungen kamen an dieser Fasnacht hinzu: Das DVD-Logo konnte das erstmals auf einer grossen Laterne bewundert werden, und die Clique hatten nun auch einen richtigen Tambourmajor.<\/span><\/p>\n<p align=\"justify\"><span style=\"font-family: Arial, Helvetica, sans-serif;\">Mit den Jahren und der steigenden Mitgliederzahl wuchs der Wunsch, <strong>Stammverein<\/strong> zu werden, und am 13. Oktober 1977 war es der damalige Comit\u00e9-Obmann Peter Lotz, welcher den Deecht zu ihrem neuen Status gratulieren konnte.<\/span><\/p>\n<p align=\"justify\"><span style=\"font-family: Arial, Helvetica, sans-serif;\">Mit tollen Z\u00fcgen und einem soliden Spiel machten sich die Versoffenen Deecht einen Namen in Basel, und so war es nicht weiter verwunderlich, dass nun auch an eine eigene Nachwuchsabteilung gedacht werden musste.\u00a0<\/span><\/p>\n<p align=\"justify\"><span style=\"font-family: Arial, Helvetica, sans-serif;\"><img loading=\"lazy\" decoding=\"async\" class=\" wp-image-152 alignleft\" src=\"http:\/\/deecht.ch\/wp-content\/uploads\/2016\/05\/deechtli_logo-300x124.jpg\" alt=\"deechtli_logo\" width=\"278\" height=\"115\" srcset=\"https:\/\/deecht.ch\/wp-content\/uploads\/2016\/05\/deechtli_logo-300x124.jpg 300w, https:\/\/deecht.ch\/wp-content\/uploads\/2016\/05\/deechtli_logo-768x318.jpg 768w, https:\/\/deecht.ch\/wp-content\/uploads\/2016\/05\/deechtli_logo-1024x425.jpg 1024w\" sizes=\"auto, (max-width: 278px) 100vw, 278px\" \/>Am <strong>7. Mai 1980<\/strong> wurden <strong>d&#8216; Deechtli<\/strong>, die Junge Garde, gegr\u00fcndet. Interne und externe Instruktoren sorgten und sorgen f\u00fcr das musikalische Know-how und ein engagierter JG-Vorstand bem\u00fcht sich Jahr f\u00fcr Jahr f\u00fcr einen reibungslosen Ablauf der Fasnachts- und Vorfasnachtszeit. Doch auch das ganz Jahr hindurch wird den Jungen jede Menge geboten, um so das Cliquen-Leben zu f\u00f6rdern.<\/span><\/p>\n<p align=\"justify\"><span style=\"font-family: Arial, Helvetica, sans-serif;\"><img loading=\"lazy\" decoding=\"async\" class=\"wp-image-146 alignleft\" src=\"http:\/\/deecht.ch\/wp-content\/uploads\/2016\/05\/dag_logo-198x300.jpg\" alt=\"dag_logo\" width=\"66\" height=\"100\" srcset=\"https:\/\/deecht.ch\/wp-content\/uploads\/2016\/05\/dag_logo-198x300.jpg 198w, https:\/\/deecht.ch\/wp-content\/uploads\/2016\/05\/dag_logo-768x1161.jpg 768w, https:\/\/deecht.ch\/wp-content\/uploads\/2016\/05\/dag_logo-677x1024.jpg 677w, https:\/\/deecht.ch\/wp-content\/uploads\/2016\/05\/dag_logo.jpg 1105w\" sizes=\"auto, (max-width: 66px) 100vw, 66px\" \/>Dass alt nicht tatterig oder senil bedeutet, beweisen die Mitglieder unserer am <strong>13. Oktober 1993<\/strong> gegr\u00fcndeten <strong>DAG<\/strong>, sprich Deecht Alti Garde. Mit viel Energie, ungebrochener Motivation, aber auch der etwas ruhigeren Gangart der nicht mehr ganz Jungen, vervollst\u00e4ndigt die DAG seither die Deecht-Familie.<\/span><\/p>\n","protected":false},"excerpt":{"rendered":"<p>Deecht Sujet History Deecht 90 Joor Mutz Aus dem Archiv: Am 13. Februar 1967, \u00fcbrigens einem Fasnachtsmontag, wurden die Versoffene Deecht gegr\u00fcndet. Dem etwas ungew\u00f6hnlichen Namen liegt eine drei Jahre zur\u00fcckliegende Begebenheit zu Grunde: Einige Kollegen unseres Ehrendoochts Niels Andersen versammelten sich damals, in einem alten Schuppen in Allschwil, zum gemeinsamen Pfeifen. Da es dort &#8230;<\/p>\n","protected":false},"author":2,"featured_media":0,"parent":0,"menu_order":6,"comment_status":"closed","ping_status":"closed","template":"","meta":{"jetpack_post_was_ever_published":false,"footnotes":""},"class_list":["post-220","page","type-page","status-publish","hentry"],"jetpack_sharing_enabled":true,"jetpack_shortlink":"https:\/\/wp.me\/PaRrpQ-3y","_links":{"self":[{"href":"https:\/\/deecht.ch\/index.php?rest_route=\/wp\/v2\/pages\/220","targetHints":{"allow":["GET"]}}],"collection":[{"href":"https:\/\/deecht.ch\/index.php?rest_route=\/wp\/v2\/pages"}],"about":[{"href":"https:\/\/deecht.ch\/index.php?rest_route=\/wp\/v2\/types\/page"}],"author":[{"embeddable":true,"href":"https:\/\/deecht.ch\/index.php?rest_route=\/wp\/v2\/users\/2"}],"replies":[{"embeddable":true,"href":"https:\/\/deecht.ch\/index.php?rest_route=%2Fwp%2Fv2%2Fcomments&post=220"}],"version-history":[{"count":13,"href":"https:\/\/deecht.ch\/index.php?rest_route=\/wp\/v2\/pages\/220\/revisions"}],"predecessor-version":[{"id":3643,"href":"https:\/\/deecht.ch\/index.php?rest_route=\/wp\/v2\/pages\/220\/revisions\/3643"}],"wp:attachment":[{"href":"https:\/\/deecht.ch\/index.php?rest_route=%2Fwp%2Fv2%2Fmedia&parent=220"}],"curies":[{"name":"wp","href":"https:\/\/api.w.org\/{rel}","templated":true}]}}